lculate the remainder when 2510 is divided by 251.
0
What is the remainder when 5749 is divided by 230?
229
What is the remainder when 2604969 is divided by 235?
229
What is the remainder when 3508 is divided by 1415?
678
Calculate the remainder when 10576 is divided by 2555.
356
Calculate the remainder when 46852 is divided by 274.
272
What is the remainder when 800077 is divided by 15?
7
Calculate the remainder when 61210 is divided by 660.
490
Calculate the remainder when 16346 is divided by 141.
131
Calculate the remainder when 1194215 is divided by 597093.
29
What is the remainder when 86505 is divided by 40?
25
What is the remainder when 200121 is divided by 918?
915
What is the remainder when 1099 is divided by 24?
19
What is the remainder when 531 is divided by 266?
265
Calculate the remainder when 455923 is divided by 38.
37
What is the remainder when 630 is divided by 365?
265
Calculate the remainder when 19352 is divided by 99.
47
Calculate the remainder when 63750 is divided by 2194.
124
What is the remainder when 64224 is divided by 271?
268
What is the remainder when 2608 is divided by 50?
8
Calculate the remainder when 269470 is divided by 5.
0
What is the remainder when 3831 is divided by 59?
55
What is the remainder when 1445024 is divided by 628?
624
Calculate the remainder when 12270 is divided by 38.
34
Calculate the remainder when 3135 is divided by 155.
35
What is the remainder when 9285 is divided by 11?
1
Calculate the remainder when 704484 is divided by 394.
12
What is the remainder when 2430 is divided by 455?
155
What is the remainder when 989 is divided by 316?
41
What is the remainder when 58157 is divided by 10?
7
What is the remainder when 556381 is divided by 44?
1
What is the remainder when 18802 is divided by 9280?
242
What is the remainder when 16381 is divided by 149?
140
Calculate the remainder when 8254 is divided by 750.
4
Calculate the remainder when 378991 is divided by 8.
7
What is the remainder when 1444 is divided by 638?
168
What is the remainder when 3817 is divided by 895?
237
Calculate the remainder when 2544 is divided by 1263.
18
Calculate the remainder when 14312 is divided by 41.
3
Calculate the remainder when 546 is divided by 531.
15
Calculate the remainder when 349017 is divided by 252.
249
What is the remainder when 1436 is divided by 710?
16
What is the remainder when 1146342 is divided by 34?
32
What is the remainder when 51224 is divided by 692?
16
What is the remainder when 1071196 is divided by 19?
14
What is the remainder when 10726 is divided by 2703?
2617
What is the remainder when 474180 is divided by 102?
84
Calculate the remainder when 244438 is divided by 63.
61
What is the remainder when 271828 is divided by 26?
24
What is the remainder when 48718 is divided by 42?
40
What is the remainder when 8283 is divided by 475?
208
What is the remainder when 1320 is divided by 452?
416
What is the remainder when 27953 is divided by 930?
53
Calculate the remainder when 3410 is divided by 44.
22
What is the remainder when 62888 is divided by 31422?
44
Calculate the remainder when 1397968 is divided by 126.
124
What is the remainder when 1559 is divided by 175?
159
Calculate the remainder when 577 is divided by 24.
1
Calculate the remainder when 71293 is divided by 15.
13
What is the remainder when 2519 is divided by 130?
49
Calculate the remainder when 127435 is divided by 10.
5
Calculate the remainder when 6512 is divided by 560.
352
What is the remainder when 3359 is divided by 196?
27
What is the remainder when 7677 is divided by 8?
5
Calculate the remainder when 21707 is divided by 3955.
1932
What is the remainder when 4845 is divided by 21?
15
What is the remainder when 4942 is divided by 4931?
11
What is the remainder when 47008 is divided by 1124?
924
Calculate the remainder when 65354 is divided by 990.
14
Calculate the remainder when 18535 is divided by 52.
23
Calculate the remainder when 5813 is divided by 10.
3
What is the remainder when 10378688 is divided by 412?
408
Calculate the remainder when 7524 is divided by 2165.
1029
Calculate the remainder when 35495 is divided by 100.
95
What is the remainder when 3493 is divided by 461?
266
Calculate the remainder when 14184 is divided by 4726.
6
What is the remainder when 1338 is divided by 558?
222
Calculate the remainder when 11666 is divided by 1897.
284
What is the remainder when 6022 is divided by 1980?
82
What is the remainder when 36715 is divided by 30?
25
What is the remainder when 39410 is divided by 39368?
42
What is the remainder when 3357 is divided by 1118?
3
Calculate the remainder when 113984 is divided by 37960.
104
What is the remainder when 6708 is divided by 1165?
883
What is the remainder when 81195 is divided by 39?
36
What is the remainder when 77180 is divided by 298?
296
Calculate the remainder when 22657 is divided by 952.
761
What is the remainder when 9701 is divided by 73?
65
Calculate the remainder when 814649 is divided by 30.
29
What is the remainder when 381 is divided by 345?
36
What is the remainder when 1392 is divided by 461?
9
Calculate the remainder when 3422 is divided by 94.
38
What is the remainder when 2104 is divided by 695?
19
What is the remainder when 2253 is divided by 57?
30
Calculate the remainder when 15190 is divided by 151.
90
Calculate the remainder when 4088 is divided by 422.
290
What is the remainder when 6953782 is divided by 2317927?
1
What is the remainder when 2175 is divided by 527?
67
Calculate the remainder when 23586 is divided by 269.
183
Calculate the remainder when 64663 is divided by 5.
3
What is the remainder when 34626 is divided by 2036?
14
Calculate the remainder when 225359 is divided by 48.
47
Calculate the remainder when 54099 is divided by 169.
19
What is the remainder when 386454 is divided by 37?
26
What is the remainder when 8022 is divided by 181?
58
Calculate the remainder when 111825 is divided by 218.
209
What is the remainder when 38002 is divided by 158?
82
What is the remainder when 5461169 is divided by 78?
77
Calculate the remainder when 766019 is divided by 340.
339
What is the remainder when 97001 is divided by 143?
47
Calculate the remainder when 6148 is divided by 108.
100
Calculate the remainder when 1538 is divided by 255.
8
What is the remainder when 2326 is divided by 1111?
104
Calculate the remainder when 23060 is divided by 7678.
26
Calculate the remainder when 342551 is divided by 171249.
53
What is the remainder when 1593 is divided by 1038?
555
What is the remainder when 3131 is divided by 156?
11
Calculate the remainder when 731 is divided by 188.
167
Calculate the remainder when 1967 is divided by 924.
119
Calculate the remainder when 21712 is divided by 3618.
4
What is the remainder when 3629 is divided by 1634?
361
What is the remainder when 93629 is divided by 64?
61
Calculate the remainder when 1090 is divided by 456.
178
What is the remainder when 880488 is divided by 449?
448
Calculate the remainder when 39818 is divided by 362.
360
What is the remainder when 359099 is divided by 30?
29
Calculate the remainder when 4139 is divided by 148.
143
What is the remainder when 3522 is divided by 255?
207
Calculate the remainder when 44581 is divided by 185.
181
Calculate the remainder when 15923 is divided by 164.
15
Calculate the remainder when 187172 is divided by 46792.
4
What is the remainder when 43751 is divided by 21857?
37
Calculate the remainder when 124241 is divided by 62118.
5
Calculate the remainder when 16414 is divided by 16.
14
Calculate the remainder when 150091 is divided by 239.
238
What is the remainder when 7209846 is divided by 317?
315
Calculate the remainder when 628121 is divided by 31.
30
What is the remainder when 7721 is divided by 1902?
113
Calculate the remainder when 10933 is divided by 20.
13
What is the remainder when 10564 is divided by 2613?
112
Calculate the remainder when 2423228 is divided by 1160.
1148
What is the remainder when 225652 is divided by 34?
28
What is the remainder when 20764 is divided by 161?
156
What is the remainder when 24898 is divided by 183?
10
What is the remainder when 2334970 is divided by 1607?
1606
Calculate the remainder when 14429 is divided by 4799.
32
What 